, 5
Let k(m) = m**2 - 2*m - 3. Let h be k(-2). Let a = -1533 + 1532. List the prime factors of (4/h)/(a/(-65)).
2, 13
Suppose 4*x - 7*x + 129 = 0. Let z = x - 3. List the prime factors of z.
2, 5
Let u(d) = 5*d**2 + d**2 - 4*d**2 + 2*d - 17 - d**2. What are the prime factors of u(9)?
2, 41
Let g be (144/(-2) - -7)*(1 - 2). Let m = g + -42. List the prime factors of m.
23
Suppose -2*a + 3*f = -2*f + 13, 3*f + 9 = -3*a. List the prime factors of (-1)/((-4)/442) - (-2)/a.
2, 5, 11
Let l be 5/((-40)/(-6)) - (-1983)/12. Let j = -19 + l. What are the prime factors of j?
3, 7
Let g = 273 - -3. What are the prime factors of g?
2, 3, 23
Suppose -5*c - 9 = 6. Let g = 16 + c. Suppose 22 = 2*l - 2*y + 6, -2*l + 5*y = -g. What are the prime factors of l?
3
Suppose -2076 = -3*m - 5*t, 10*t = 2*m + 14*t - 1384. List the prime factors of m.
2, 173
Let x be 4 + 0*(-1)/(-4). Suppose -3*o = 5*b + 7, 7*o + x*b + 16 = 2*o. Let c = o + 10. What are the prime factors of c?
2, 3
Let u = -3 - -8. Suppose -4*n + u*s + 390 = 0, -4*n - s + 507 = 129. What are the prime factors of n?
5, 19
Let o = -11 + 49. Suppose -i - 3*w = 43, i + 3*w + o = -w. List the prime factors of ((-16)/32)/(1/i).
29
Suppose -10*n + 59 = -771. What are the prime factors of n?
83
Suppose -2*b + 10576 = -119*s + 118*s, 3*b - 15871 = -2*s. What are the prime factors of b?
3, 41, 43
Suppose -5*m = -5*o - 330, 4*m - 166 = -5*o + 62. What are the prime factors of m?
2, 31
Let q(b) = -28*b + 2153. What are the prime factors of q(0)?
2153
Let r = -778 + 1795. What are the prime factors of r?
3, 113
Let s be -2*4/(16/(-10)). Suppose 5*q = 4*c + 4*q - 79, -5*c - s*q = -80. What are the prime factors of c?
19
Suppose -3*n - 2106 = -3*v, -n = 4*v - 861 - 1962. What are the prime factors of v?
3, 5, 47
Let x(b) = -2*b**3 + 10*b**2 - 2*b + 10. Let f be x(5). Suppose 14 - 6 = 4*k. What are the prime factors of ((-50)/(-4) + f)*k?
5
Suppose -1687 = -7*i + 2086. What are the prime factors of i?
7, 11
Let f = -32 + 57. Let o = 27 - f. What are the prime factors of o?
2
Let i = 420 - 236. Suppose -l - 4*z + 0*z = -i, 5*l = 2*z + 920. Let d = l + -121. What are the prime factors of d?
3, 7
Let o(l) be the second derivative of 1/2*l**4 + 2/3*l**3 - 2*l**2 + 0 - 7*l - 1/20*l**5. What are the prime factors of o(6)?
2, 5
Let n be -6 - (-3 + 1 + 0). Suppose -6*z = -407 - 55. List the prime factors of n/(-22) + 1218/z.
2
What are the prime factors of (-3507)/(-6)*(4 - -2)?
3, 7, 167
Let a = 1035 - -433. What are the prime factors of a?
2, 367
Let q(o) = 6*o + 3. Let k be q(-4). Let b be 7/k - 242/(-6). Suppose 0 = -4*l - 2*w + b, l + 5*w = -0*w + 19. What are the prime factors of l?
3
Let i(q) = q - 4. Let a be i(10). Let p(f) = 31*f - 1. Let s be p(a). Suppose 36 = -4*x + 3*b + 188, -5*x + 5*b + s = 0. List the prime factors of x.
41
Suppose -6*t + t = -3*z + 608, -z = -2*t - 243. Let p be t/(-11) - (0 + 1). Suppose -b - 2*k = -p, 14 = -0*b + 2*b - 2*k. What are the prime factors of b?
2
Suppose 1148 = i - z, 0 = i + 2*z - 1129 - 28. List the prime factors of i.
1151
Let t(r) = -r**3 - 4*r**2 + 39*r + 21. List the prime factors of t(-10).
3, 7, 11
Let a(y) = 792*y**3 - y**2 - y + 1. Let t be a(1). Suppose -6*o = 209 - t. List the prime factors of o.
97
Let p(h) = 20*h**3 - 2*h**2 + 4*h - 2. Let l be p(2). Suppose l + 134 = 4*y. List the prime factors of y.
73
Suppose 212 = 2*k + m + 2*m, 0 = -2*k + 4*m + 240. Suppose -2*z = -0*z - k. What are the prime factors of z?
2, 7
Suppose -6*x - 18 = -0*x. What are the prime factors of (4/(-8))/((-3777)/(-1260) + x)?
2, 3, 5, 7
Let c(i) = -7*i - 14. Let r be c(-14). Suppose -64*g = -62*g - r. Suppose 0 = -m - m + g. List the prime factors of m.
3, 7
Suppose 4*x + 12*i - 2392 = 9*i, x - 598 = 4*i. List the prime factors of x.
2, 13, 23
Let w(a) = -135*a**3 + 2*a**2 + 2*a. Let k be w(-1). Let v = k + 8. What are the prime factors of v?
11, 13
Let q = 51 - 94. Suppose -4*g - 4*v = 88, -3*g - 17 - 41 = 5*v. Let c = g - q. What are the prime factors of c?
17
Suppose -12*u + 2*u + 17610 = 0. What are the prime factors of u?
3, 587
What are the prime factors of (534 - -22)*(-2 - (1 - 9))?
2, 3, 139
List the prime factors of 5085/10 + 1 + 2/(-4).
509
What are the prime factors of (7/(5 - -2))/((-1)/(-964))?
2, 241
Suppose 3*h + 3*y - 918 = 0, 4*h + 3*y = 1057 + 172. What are the prime factors of h?
311
Let w be -6*(6/4 - 1). Let x be 19 + 3*16/(-12). Let k = w + x. List the prime factors of k.
2, 3
Suppose -48*s + 49*s - 1187 = 0. What are the prime factors of s?
1187
Let k be 21 + ((-36)/4)/(-3). List the prime factors of k/(-56) + (-416)/(-7).
59
Let v(t) be the second derivative of t**3 + 9*t**2/2 - 8*t. Let k be v(-9). Let j = -23 - k. List the prime factors of j.
2, 11
Let r be 3*(-4)/12*33. Let t = -109 - -61. Let l = r - t. List the prime factors of l.
3, 5
Suppose 0 = -149*u + 94*u + 168905. What are the prime factors of u?
37, 83
Suppose -3*p - 810 = -8*p. Suppose 4*d - p = d. Suppose -j + d = 2*j. List the prime factors of j.
2, 3
Let l(i) = i**3 - 15*i**2 + 15*i + 9. Let w be l(14). Suppose -w - 1 = -3*f. Suppose -22 = -2*v + f. What are the prime factors of v?
3, 5
Let w be -45*(-1 - (-2)/3). What are the prime factors of (w - 16) + 109 + 0?
2, 3
Let h be 15/(2/(-8)*-4). Let n be (-4)/(-1)*h/(-10). Let r(z) = -z**2 - 15*z - 14. What are the prime factors of r(n)?
2, 5
Suppose -5*b = 2*o + 21, -2*b = o + 2*o + 59. Let t = -1 - o. List the prime factors of t.
2, 11
Let c be (24/9)/(8/12). Let v(p) = p**3 - 5*p**2. Let r be v(c). Let y = r - -22. What are the prime factors of y?
2, 3
Let d(y) = -y**3 - 5*y**2 - 3*y - 5. Suppose -p - 21 = 4*z, 0 = -z + 4*p - 3 + 19. Let w be d(z). Let n = w - -20. What are the prime factors of n?
11
Let c(o) = o**3 + 5*o**2 + 5*o + 4. Let l be c(-7). Let i = 262 + l. What are the prime factors of i?
7, 19
Let l be (-54)/12*-1*(0 - 2). Let f = 4 - l. What are the prime factors of f?
13
Let h(d) be the second derivative of -d**6/360 + d**4/12 - 2*d. Let y(o) be the third derivative of h(o). What are the prime factors of y(-10)?
2, 5
Let j be (0 + (-8)/(-5))*960/(-16). Let p(g) = -g**3 + 3*g**2 + 3*g + 9. Let z be p(7). Let w = j - z. List the prime factors of w.
2, 5, 7
Let l(f) = 91*f - 82. List the prime factors of l(8).
2, 17, 19
Suppose -332*q = -324*q - 13656. List the prime factors of q.
3, 569
Let i = 479 - -160. List the prime factors of i.
3, 71
Let l = 27 + -25. Suppose 0*y + y + k = 17, -y = -4*k - l. What are the prime factors of y?
2, 7
Let w be 26 - (-2 + 12/4). Suppose w = 2*t - 1. What are the prime factors of t?
13
What are the prime factors of (-51927)/(-27) - (-8)/(-288)*8?
3, 641
Let j(i) = 2*i - 24. Let b(v) = -v**3 - 8*v**2 - 14*v + 4. Let w be b(-6). List the prime factors of j(w).
2
Suppose -2*s + 9 + 7 = 0. Let a(k) = 2*k - 1. Let z be a(s). Suppose -c + 4*p = -6, -2*c + 7*p = 2*p - z. What are the prime factors of c?
2, 5
Let v = -1068 - -6229. List the prime factors of v.
13, 397
Suppose 0 = c + 3*c - 64. Suppose -y - c + 49 = 0. What are the prime factors of y?
3, 11
Let q(o) = -o**2 - 30*o - 56. Let i be q(-22). Let j be (-1)/2*1*-6. Suppose -2*p - j*a + i = 0, 4*p - 3*a = 2*a + 218. What are the prime factors of p?
3, 19
Let j be (12/(-10))/(2/(-15)). Suppose -3*m + j = -3*o - 0, -2*m - 15 = 5*o. Suppose m*q - 4*q + 44 = 0. What are the prime factors of q?
11
List the prime factors of 141 - (6 - 50/10).
2, 5, 7
Let u = 861 + -369. What are the prime factors of u?
2, 3, 41
Let w = -1069 + 1643. List the prime factors of w.
2, 7, 41
Suppose 5*w = -4*f + 23, 2*w = -7*f + 3*f + 14. Suppose 0 = 4*x + s + 25, 0*s = x + w*s - 2. List the prime factors of (-8)/(-28) - 40/x.
2, 3
List the prime factors of (8736/560)/(4/190).
3, 13, 19
Suppose 5*q = q + 3*g + 2071, -5*q = 4*g - 2581. List the prime factors of q.
11, 47
Let o be (-11 - -10) + 6/1. Suppose -88 = -o*u + 82. What are the prime factors of u?
2, 17
Let c = 43 - 37. Suppose -383 = -c*m - 41. What are the prime factors of m?
3, 19
What are the prime factors of ((-903)/28)/(1479/372 + -4)?
31, 43
Let y = 12 + 406. List the prime factors of y.
2, 11, 19
Let f(y) = 27*y - 10. Let t(g) = 9*g - 3. Let p(k) = 2*f(k) - 7*t(k). Let l be p(-1). Suppose l = 2*r + 3*r, -4*o +